 greatest common factor of 2220188 and 104?
4
Calculate the highest common factor of 32672 and 14752.
32
Calculate the greatest common divisor of 1905 and 15049881.
381
Calculate the highest common factor of 5050 and 168086725.
2525
Calculate the greatest common factor of 10659 and 5452392.
627
Calculate the highest common factor of 339 and 256626277.
113
Calculate the greatest common divisor of 313083 and 57663.
387
Calculate the greatest common divisor of 158775 and 22765.
145
What is the greatest common factor of 247197 and 14705391?
1887
What is the highest common divisor of 13200 and 7376050?
550
Calculate the greatest common factor of 154 and 48867742.
154
What is the highest common factor of 6310 and 728066730?
6310
Calculate the greatest common divisor of 15956409 and 52896.
1653
What is the highest common factor of 686054227 and 17?
17
What is the highest common factor of 307627280 and 80?
80
What is the highest common divisor of 352 and 576875332?
44
What is the greatest common divisor of 1603723 and 82553?
31
What is the highest common factor of 492 and 28649406?
246
Calculate the greatest common factor of 16 and 24261712.
16
What is the greatest common divisor of 67 and 7359883?
67
What is the greatest common divisor of 40980665 and 55?
55
What is the greatest common factor of 2559375 and 25425?
225
Calculate the highest common divisor of 200196 and 9960.
996
Calculate the highest common factor of 3458266 and 3325.
133
Calculate the greatest common divisor of 2697 and 4959.
87
Calculate the greatest common divisor of 15 and 3694407.
3
Calculate the highest common factor of 5384943130 and 70.
70
Calculate the greatest common divisor of 43097343 and 18435.
3687
Calculate the greatest common factor of 7449 and 30862.
13
What is the highest common factor of 18631845 and 135?
45
What is the highest common divisor of 256107210 and 3060?
510
What is the highest common divisor of 47212 and 29043964?
4292
Calculate the greatest common divisor of 4332 and 3441.
3
Calculate the highest common factor of 14322 and 172050.
186
Calculate the greatest common divisor of 4687287 and 33.
33
Calculate the highest common divisor of 6 and 8903298.
6
What is the greatest common factor of 26 and 445423602?
26
Calculate the greatest common factor of 476667 and 261.
9
Calculate the greatest common factor of 57030 and 6810.
30
Calculate the greatest common divisor of 133780 and 2040.
20
What is the greatest common divisor of 12832786 and 4982?
94
What is the highest common factor of 216495 and 9674190?
765
Calculate the greatest common divisor of 453141 and 1053.
351
Calculate the highest common divisor of 232986778 and 14972.
7486
Calculate the greatest common divisor of 163 and 76269167.
163
Calculate the highest common divisor of 4523653 and 171.
19
Calculate the greatest common factor of 3740 and 12051215.
935
Calculate the highest common factor of 176380998 and 12.
6
Calculate the greatest common divisor of 297366 and 172347.
87
Calculate the highest common factor of 1855412 and 2294.
62
What is the greatest common divisor of 80070 and 32360?
10
What is the highest common factor of 2610 and 116696290?
290
What is the highest common factor of 618250844 and 2724?
908
Calculate the highest common divisor of 1000 and 36110896.
8
Calculate the highest common divisor of 119260 and 1133908.
268
Calculate the greatest common factor of 219509495 and 278.
139
Calculate the greatest common divisor of 29927873 and 119898.
6661
What is the highest common factor of 27 and 564260283?
27
What is the greatest common divisor of 22426494 and 6?
6
Calculate the greatest common divisor of 121549625 and 125.
125
What is the greatest common factor of 46584928 and 12656?
1808
What is the greatest common factor of 34909696 and 492?
164
What is the greatest common factor of 1029765 and 4785?
165
Calculate the highest common divisor of 397264 and 27986.
14
Calculate the highest common factor of 128 and 23301920.
32
What is the highest common factor of 526725 and 82575?
225
What is the greatest common divisor of 18 and 215908?
2
Calculate the greatest common factor of 4312589 and 9045.
67
Calculate the greatest common divisor of 429525 and 3374445.
345
What is the greatest common factor of 29240 and 1007930?
170
Calculate the highest common factor of 70378308 and 868.
868
Calculate the greatest common factor of 1828575 and 3843.
63
Calculate the highest common factor of 71 and 47591939.
71
What is the highest common factor of 1440 and 220254192?
144
Calculate the greatest common divisor of 816520 and 174628.
596
Calculate the greatest common divisor of 11973 and 652989.
921
What is the highest common factor of 55 and 1706355970?
55
Calculate the highest common divisor of 12166 and 817355.
77
What is the highest common divisor of 128956 and 14111?
103
What is the highest common factor of 87067499 and 589?
31
What is the highest common factor of 70968 and 1608?
24
Calculate the greatest common factor of 85338 and 8003670.
2586
What is the greatest common divisor of 100 and 103250500?
100
What is the highest common divisor of 24 and 9880062?
6
What is the greatest common factor of 1360 and 3249010?
10
Calculate the highest common divisor of 1428 and 3133236.
204
Calculate the greatest common divisor of 362988 and 14688.
108
Calculate the greatest common factor of 198 and 10170369.
99
What is the greatest common factor of 60544 and 8338?
22
Calculate the highest common factor of 2788 and 2777545.
697
Calculate the highest common factor of 88546788 and 5580.
1116
Calculate the greatest common divisor of 26861292 and 136.
68
Calculate the greatest common divisor of 5455375 and 9800.
25
Calculate the greatest common factor of 2877842 and 1144.
22
Calculate the greatest common factor of 38560050 and 810.
810
What is the greatest common divisor of 2756 and 6506552?
52
Calculate the greatest common factor of 11080 and 88974616.
2216
Calculate the greatest common factor of 57 and 2161557.
3
Calculate the greatest common factor of 86 and 29452807.
43
Calculate the highest common divisor of 7826 and 20739502.
602
What is the greatest common factor of 21542 and 30?
2
Calculate the highest common factor of 20096 and 382609.
157
What is the highest common divisor of 206 and 183863?
1
What is the greatest common factor of 1673668 and 70280?
1004
What is the highest common factor of 2239692 and 13767?
39
Calculate the highest common divisor of 4583422 and 14536.
158
Calculate the highest common divisor of 1299078 and 447606.
1458
Calculate the greatest common divisor of 3760 and 21883952.
752
What is the greatest common factor of 920 and 149675168?
184
What is the greatest common divisor of 6444 and 10858356?
36
Calculate the highest common factor of 403032 and 67389.
21
Calculate the greatest common divisor of 337714 and 2938.
26
Calculate the greatest common divisor of 14890492 and 16.
4
What is the greatest common factor of 66867276 and 154?
14
What is the greatest common factor of 132820336 and 6688?
3344
What is the highest common factor of 346422050 and 6100?
3050
Calculate the greatest common divisor of 442 and 478074.
34
What is the greatest common factor of 3567080 and 89540?
2420
What is the greatest common factor of 6243948 and 6624?
828
Calculate the greatest common factor of 27408 and 6896.
16
What is the highest common factor of 32364971 and 931297?
9601
Calculate the highest common divisor of 25239 and 137651.
179
What is the greatest common divisor of 232 and 485840?
8
What is the highest common factor of 10560815 and 5212?
1303
Calculate the greatest common factor of 595488 and 52.
4
Calculate the greatest common divisor of 417150 and 6102.
54
What is the greatest common factor of 519580 and 55444?
332
What is the greatest common factor of 1450 and 26463950?
1450
Calculate the greatest common factor of 3559404 and 276.
12
Calculate the highest common factor of 32805115 and 3420.
95
What is the highest common factor of 256135681 and 445?
89
What is the greatest common divisor of 4401061 and 35?
7
What is the highest common divisor of 668262526 and 82?
82
Calculate the greatest common divisor of 35040895 and 3210.
535
What is the greatest common divisor of 11955783 and 378?
21
W